ctors of l?
2, 7
List the prime factors of ((-186)/(-5))/(5697/630 + -9).
2, 7, 31
Suppose -28*l - 1180 + 16776 = 0. What are the prime factors of l?
557
Let q = -33 + 57. Suppose -2*t = -1 + 33. Let x = q + t. What are the prime factors of x?
2
Suppose 0 = l + 4*y - 362, 696 = 2*l + 3*y - 2*y. List the prime factors of l.
2, 173
Suppose 30 + 26 = 2*n. Suppose -2*w + 6*w = n. What are the prime factors of w?
7
Let g(p) = -2 + p**2 + 0 + 16*p - 16*p. What are the prime factors of g(6)?
2, 17
Let w = 0 + -2. Let b = w - -4. Suppose -4*s - s - 3*f + 86 = 0, b*f = -5*s + 84. What are the prime factors of s?
2
Let p(v) = 5*v - 12. Let m be p(9). Suppose 0 = 3*h - 4*h + m. Let u = -7 + h. What are the prime factors of u?
2, 13
Let p be -9*(-2)/((-12)/(-134)). Let y be -9 + (147 - (-8 - -6)). Let n = p - y. What are the prime factors of n?
61
Let b(w) = w + 48. Let q be b(-17). Suppose 3*c + q = 313. What are the prime factors of c?
2, 47
What are the prime factors of 2 + 526/2 + 0/4?
5, 53
Let r(q) = -q**3 + 12*q**2 + 13*q - 3. Suppose 0 = -9*o + 10*o - 13. Let f be r(o). What are the prime factors of 39 + -2 + 7 + f?
41
Suppose -17551 = -34*i - 4835. List the prime factors of i.
2, 11, 17
Let u(b) = -b**3 + 3*b - 17. Let w(g) = g**3 - 15*g**2 + 25*g + 9. Let k be w(13). List the prime factors of u(k).
5, 7
Let m(a) be the third derivative of -a**5/30 + 3*a**4/8 - 13*a**3/6 + 3*a**2. Let n be m(11). What are the prime factors of n/9*(-6)/4?
2, 13
Let u = 1341 - 879. What are the prime factors of u?
2, 3, 7, 11
Let o(x) = -101*x**3 - 2*x - 1. List the prime factors of o(-1).
2, 3, 17
Let n(r) = r + 11. Let y(u) = -3*u - 19. Let a be y(-8). What are the prime factors of n(a)?
2
Let a = -21 + 45. Let l = 21 - 33. Let u = a + l. What are the prime factors of u?
2, 3
Suppose 3*c - c + 3*y = 12, 5*y + 30 = 5*c. Suppose 3*w - c = 12. What are the prime factors of w/(-4) + (-105)/(-6)?
2
Suppose 4*n - 16 = -g, 6 - 14 = -2*g. Let k be (3/(-3))/(5 + (-4 - 2)). Suppose n*f = 4*x - 15, f - 20 - k = -3*x. List the prime factors of x.
2, 3
List the prime factors of (2388/10)/((-21)/(-70)) - -4.
2, 5
Suppose 5*q = -4*v + 103, 0*v - 41 = -2*v + q. Suppose -i + v = -26. Suppose t - 4*a = -t + i, -a - 52 = -3*t. List the prime factors of t.
2
Let i be (-3)/4 - 423/(-36). List the prime factors of (1/(-2))/(i/(-1826)).
83
Let b be (-295)/2*6*2/(-6). Let i = -202 + b. List the prime factors of i.
3, 31
Suppose 14*r = 11*r - 153. List the prime factors of 24/(-4)*(6 + r).
2, 3, 5
Let t(v) be the third derivative of -v**6/120 - v**5/20 + v**4/6 + 4*v**2. Let u be t(-4). Let h = 2 - u. What are the prime factors of h?
2
Let t = -746 - -1162. What are the prime factors of t?
2, 13
Let h = 27 - 40. Let d = h + 83. What are the prime factors of d/6 - 20/(-15)?
13
Let x be (-7)/((25/5)/(-5)). Suppose -x*h + 520 = -124. What are the prime factors of h?
2, 23
Let p(t) be the third derivative of -t**6/120 - t**5/5 + t**3/6 - 3*t**2. Let a be p(-12). List the prime factors of 1*(-2 - (-3 - a)).
2
Let a = 44 + -22. Let z = a + -38. Let t = z + 27. List the prime factors of t.
11
What are the prime factors of (-3)/(-4 + (-665)/(-167))?
167
Let l = 230 + -222. List the prime factors of l.
2
Let k = -2708 - -5106. List the prime factors of k.
2, 11, 109
Let l be (17/4)/(2/8). Suppose -5*u + 3*u + 2 = 0, 3*x - u - l = 0. Let g = x + 13. List the prime factors of g.
19
Let u be ((-26)/6 + 3)/((-8)/12). What are the prime factors of (-6)/(-3) - (-1)/(u/120)?
2, 31
Suppose 3*r - 3*b = 6615, 227*r - 231*r - b + 8835 = 0. What are the prime factors of r?
2, 3, 23
Let n(i) = -i**3 + 10*i**2 + 2*i - 7. Let w be n(8). Suppose -w = -5*y + 2*q - 9, 4*y + 4*q = 108. Suppose -2*a = -3*a + y. List the prime factors of a.
2, 13
Let x(k) = -8*k - 3. Let g be x(-7). Suppose 2*i + 345 = 4*h + g, 6 = 3*i. What are the prime factors of h?
2, 37
Let y be -3*(-22*(-1)/3 - 3). What are the prime factors of 6/39 + -7*61/y?
3, 11
Suppose 3*c = 14 - 5, -5*c = -3*o + 3363. What are the prime factors of o?
2, 563
Suppose -5*f - 5 = -30. Suppose 4*t - f*t + 109 = 0. What are the prime factors of t?
109
Suppose 569 = 4*m + 51*t - 48*t, -5*m - 2*t + 720 = 0. What are the prime factors of m?
2, 73
Let u be -3 + -2 + (-20 - 3). Let a be u/(-3) - 2/6. Let f = 6 + a. List the prime factors of f.
3, 5
Suppose -3*y = 4*y - 2835. What are the prime factors of y?
3, 5
Let z be (-3 - (-3 - 3)) + 7. Suppose -h + 3*h = -z. Let k = h - -32. List the prime factors of k.
3
Let t(x) = -x**3 + 11*x**2 - 4*x - 8. Let f be t(11). What are the prime factors of (-12)/4 - f/1?
7
Let i(j) = 496*j - 392. What are the prime factors of i(7)?
2, 5, 7, 11
Let n be 930/(-130) - 4/(-26). Let g(h) = h**3 + 7*h**2 + 4*h + 8. Let p be g(n). What are the prime factors of 92/9 + p/90?
2, 5
Suppose 0 = -3*x - 5*x. Suppose -2*s + m + 123 + 17 = x, 3*m + 352 = 5*s. Let t = s + -15. List the prime factors of t.
53
Suppose 0 = -q - 0*z - 2*z, -z = -3*q. Suppose -3*s + d + 633 = q, 857 = 3*s + 3*d + 236. List the prime factors of s.
2, 3, 5, 7
Let w = -50 - 65. Let i = -49 - w. List the prime factors of i.
2, 3, 11
Let z(f) = 68*f**2 - 26*f - 67. What are the prime factors of z(-3)?
7, 89
Let w(r) = r**2 - 3 + r**3 - 4*r**2 + 5*r**2 + 3*r**2 - 4*r. What are the prime factors of w(-3)?
3
Let y = -2 - -2. Let d(v) be the second derivative of -v**4/6 + v**3/6 + 18*v**2 - 3*v. What are the prime factors of d(y)?
2, 3
Let v be 762/(-2)*(-6)/18. Suppose 10*p = 53 + v. What are the prime factors of p?
2, 3
Suppose 0 = -23*p + 73762 + 1517. List the prime factors of p.
3, 1091
Let h(i) = -i**2 + i + 139. Let v be h(0). Let s = v + -70. List the prime factors of s.
3, 23
Let m be (-8)/(-14)*(1 - -1 - -5). Suppose 0 = -m*l + 2*i + 2*i + 508, 0 = 2*l - 5*i - 251. List the prime factors of l.
2
Suppose 96 = 4*v + 3*r, -2*r + 5*r + 9 = v. Let w be 7/v - (-290)/3. Suppose 3*d - 2*l = 156, 2*d - w = -0*d - l. List the prime factors of d.
2, 5
Let h(o) = -3*o**3 + 9*o + 16. What are the prime factors of h(-3)?
2, 5, 7
Suppose l - 1 = 5. Suppose -p - l + 5 = 0. What are the prime factors of (p + -84)*10/(-25)?
2, 17
Let a be (-2 + 5)/((-2)/6). Let x be (-12)/a*1*-3. Let j = x + 7. What are the prime factors of j?
3
Suppose 4*q - 9244 = -4*g, 4622 = -12*g + 14*g - 5*q. List the prime factors of g.
2311
Suppose 0 = -20*z + 18*z + 712. List the prime factors of z.
2, 89
Suppose i - 931 = 2*n, 3*i + 21*n - 2793 = 26*n. List the prime factors of i.
7, 19
Let f(s) = -90*s + 135. What are the prime factors of f(-20)?
3, 5, 43
Let u(j) = j + 13. Let p(q) = -q - 13. Let k(b) = 4*p(b) + 5*u(b). Let i be k(9). What are the prime factors of i - (3 + -2 - -2)?
19
Suppose -x = -2*x - 49. Let t = x - -92. List the prime factors of t.
43
Let x = -617 - -882. What are the prime factors of x?
5, 53
Let s = 4850 + -1112. List the prime factors of s.
2, 3, 7, 89
Let u(c) = -49*c + 238. What are the prime factors of u(-19)?
7, 167
Let u(r) = 94*r - 515. List the prime factors of u(18).
11, 107
Let a(s) = 11*s + 24. Let v be a(15). Let r = v - 112. List the prime factors of r.
7, 11
Let t(b) = 22 - b**2 - 14 + 8*b - 11. What are the prime factors of t(5)?
2, 3
Suppose 0 = 4*q + 4*q - 3608. What are the prime factors of q?
11, 41
Suppose 10 - 8 = -x. Suppose -5*h + h + 100 = 0. What are the prime factors of x + (h - -3) - -1?
3
Suppose -5*h + 8*h = -2*y + 908, 4*y - 1856 = 4*h. List the prime factors of y.
2, 5, 23
Let n = -1023 + 1891. What are the prime factors of n?
2, 7, 31
Suppose -y + 12 = 5*y. Suppose 0 = 6*v - y*v - 32. What are the prime factors of v?
2
What are the prime factors of (26506/(-116))/((-2)/4) - 7?
2, 3, 5
Suppose -1062 = -7*u - 152. Suppose 2*a = -3*a + u. List the prime factors of a.
2, 13
Let w be -6 + 5 + 0/(-1) - -380. List the prime factors of (w/(-15) - 10/25)*-3.
7, 11
List the prime factors of (12726/(-28))/(-1 - (-2)/4).
3, 101
Let h be -2 + -94 + -3 - (-12)/(-4). What are the prime factors of ((-7 + 5)/(4/h))/1?
3, 17
Let p be (-4)/(-1)*(15/(-6) - -4). List the prime factors of p/4*-20*(-8)/3.
2, 5
What are the prime factors of ((2 - -5) + 3129)*1?
2, 7
Let o = 1136 + -1133. What are the prime factors of o?
3
Let c be 4/12 + 28/6. Let l(u) = u**2 - 5*u + 